[INFO] cloning repository https://github.com/elertan/shaku-generic-components
[INFO] running `Command { std: "git" "-c" "credential.helper=" "-c" "credential.helper=/workspace/cargo-home/bin/git-credential-null" "clone" "--bare" "https://github.com/elertan/shaku-generic-components" "/workspace/cache/git-repos/https%3A%2F%2Fgithub.com%2Felertan%2Fshaku-generic-components", kill_on_drop: false }`
[INFO] [stderr] Cloning into bare repository '/workspace/cache/git-repos/https%3A%2F%2Fgithub.com%2Felertan%2Fshaku-generic-components'...
[INFO] running `Command { std: "git" "rev-parse" "HEAD", kill_on_drop: false }`
[INFO] [stdout] 61db5f9147c0c4cbc42b0e4fb75bd59f2b7e5290
[INFO] checking elertan/shaku-generic-components against master#af3c6e733a40e671550e0f0f5aeecaa13772ba56 for pr-74989
[INFO] running `Command { std: "git" "clone" "/workspace/cache/git-repos/https%3A%2F%2Fgithub.com%2Felertan%2Fshaku-generic-components" "/workspace/builds/worker-6/source", kill_on_drop: false }`
[INFO] [stderr] Cloning into '/workspace/builds/worker-6/source'...
[INFO] [stderr] done.
[INFO] validating manifest of git repo https://github.com/elertan/shaku-generic-components on toolchain af3c6e733a40e671550e0f0f5aeecaa13772ba56
[INFO] running `Command { std: "/workspace/cargo-home/bin/cargo" "+af3c6e733a40e671550e0f0f5aeecaa13772ba56" "read-manifest" "--manifest-path" "Cargo.toml", kill_on_drop: false }`
[INFO] started tweaking git repo https://github.com/elertan/shaku-generic-components
[INFO] finished tweaking git repo https://github.com/elertan/shaku-generic-components
[INFO] tweaked toml for git repo https://github.com/elertan/shaku-generic-components written to /workspace/builds/worker-6/source/Cargo.toml
[INFO] crate git repo https://github.com/elertan/shaku-generic-components already has a lockfile, it will not be regenerated
[INFO] running `Command { std: "/workspace/cargo-home/bin/cargo" "+af3c6e733a40e671550e0f0f5aeecaa13772ba56" "fetch" "--locked" "--manifest-path" "Cargo.toml", kill_on_drop: false }`
[INFO] running `Command { std: "docker" "create" "-v" "/var/lib/crater-agent-workspace/builds/worker-6/target:/opt/rustwide/target:rw,Z" "-v" "/var/lib/crater-agent-workspace/builds/worker-6/source:/opt/rustwide/workdir:ro,Z" "-v" "/var/lib/crater-agent-workspace/cargo-home:/opt/rustwide/cargo-home:ro,Z" "-v" "/var/lib/crater-agent-workspace/rustup-home:/opt/rustwide/rustup-home:ro,Z" "-e" "SOURCE_DIR=/opt/rustwide/workdir" "-e" "CARGO_TARGET_DIR=/opt/rustwide/target" "-e" "CARGO_HOME=/opt/rustwide/cargo-home" "-e" "RUSTUP_HOME=/opt/rustwide/rustup-home" "-w" "/opt/rustwide/workdir" "-m" "1610612736" "--user" "0:0" "--network" "none" "rustops/crates-build-env@sha256:d92eaeed33fa75130ca1ee6c8a01d1ffb62bac859dfdfb3450e3e5d1c0146529" "/opt/rustwide/cargo-home/bin/cargo" "+af3c6e733a40e671550e0f0f5aeecaa13772ba56" "metadata" "--no-deps" "--format-version=1", kill_on_drop: false }`
[INFO] [stdout] 8e984cce7462e5ea85c7979c4db23676f46392ca459490b395ff30d6417655aa
[INFO] [stderr] WARNING: Your kernel does not support swap limit capabilities or the cgroup is not mounted. Memory limited without swap.
[INFO] running `Command { std: "docker" "start" "-a" "8e984cce7462e5ea85c7979c4db23676f46392ca459490b395ff30d6417655aa", kill_on_drop: false }`
[INFO] running `Command { std: "docker" "inspect" "8e984cce7462e5ea85c7979c4db23676f46392ca459490b395ff30d6417655aa", kill_on_drop: false }`
[INFO] running `Command { std: "docker" "rm" "-f" "8e984cce7462e5ea85c7979c4db23676f46392ca459490b395ff30d6417655aa", kill_on_drop: false }`
[INFO] [stdout] 8e984cce7462e5ea85c7979c4db23676f46392ca459490b395ff30d6417655aa
[INFO] running `Command { std: "docker" "create" "-v" "/var/lib/crater-agent-workspace/builds/worker-6/target:/opt/rustwide/target:rw,Z" "-v" "/var/lib/crater-agent-workspace/builds/worker-6/source:/opt/rustwide/workdir:ro,Z" "-v" "/var/lib/crater-agent-workspace/cargo-home:/opt/rustwide/cargo-home:ro,Z" "-v" "/var/lib/crater-agent-workspace/rustup-home:/opt/rustwide/rustup-home:ro,Z" "-e" "SOURCE_DIR=/opt/rustwide/workdir" "-e" "CARGO_TARGET_DIR=/opt/rustwide/target" "-e" "CARGO_INCREMENTAL=0" "-e" "RUST_BACKTRACE=full" "-e" "RUSTFLAGS=--cap-lints=forbid" "-e" "CARGO_HOME=/opt/rustwide/cargo-home" "-e" "RUSTUP_HOME=/opt/rustwide/rustup-home" "-w" "/opt/rustwide/workdir" "-m" "1610612736" "--user" "0:0" "--network" "none" "rustops/crates-build-env@sha256:d92eaeed33fa75130ca1ee6c8a01d1ffb62bac859dfdfb3450e3e5d1c0146529" "/opt/rustwide/cargo-home/bin/cargo" "+af3c6e733a40e671550e0f0f5aeecaa13772ba56" "check" "--frozen" "--all" "--all-targets" "--message-format=json", kill_on_drop: false }`
[INFO] [stdout] 69e1cd267ac1b3652764929badceb3ef9e54075f983544c77c0813df588c633e
[INFO] [stderr] WARNING: Your kernel does not support swap limit capabilities or the cgroup is not mounted. Memory limited without swap.
[INFO] running `Command { std: "docker" "start" "-a" "69e1cd267ac1b3652764929badceb3ef9e54075f983544c77c0813df588c633e", kill_on_drop: false }`
[INFO] [stderr]    Compiling autocfg v1.0.0
[INFO] [stderr]    Compiling proc-macro2 v1.0.17
[INFO] [stderr]    Compiling unicode-xid v0.2.0
[INFO] [stderr]    Compiling syn v1.0.29
[INFO] [stderr]     Checking lazy_static v1.4.0
[INFO] [stderr]    Compiling maybe-uninit v2.0.0
[INFO] [stderr]    Compiling memchr v2.3.3
[INFO] [stderr]     Checking scopeguard v1.1.0
[INFO] [stderr]     Checking once_cell v1.4.0
[INFO] [stderr]     Checking slab v0.4.2
[INFO] [stderr]     Checking futures-core v0.3.5
[INFO] [stderr]    Compiling log v0.4.8
[INFO] [stderr]     Checking pin-utils v0.1.0
[INFO] [stderr]     Checking futures-sink v0.3.5
[INFO] [stderr]     Checking void v1.0.2
[INFO] [stderr]     Checking scoped-tls-hkt v0.1.2
[INFO] [stderr]     Checking pin-project-lite v0.1.5
[INFO] [stderr]     Checking socket2 v0.3.12
[INFO] [stderr]     Checking num_cpus v1.13.0
[INFO] [stderr]     Checking nix v0.17.0
[INFO] [stderr]     Checking futures-task v0.3.5
[INFO] [stderr]    Compiling crossbeam-utils v0.7.2
[INFO] [stderr]    Compiling memoffset v0.5.4
[INFO] [stderr]    Compiling crossbeam-epoch v0.8.2
[INFO] [stderr]     Checking kv-log-macro v1.0.6
[INFO] [stderr]    Compiling quote v1.0.6
[INFO] [stderr]     Checking crossbeam-channel v0.4.2
[INFO] [stderr]     Checking crossbeam-queue v0.2.2
[INFO] [stderr]     Checking crossbeam-deque v0.7.3
[INFO] [stderr]     Checking crossbeam v0.7.3
[INFO] [stderr]    Compiling pin-project-internal v0.4.17
[INFO] [stderr]    Compiling shaku_derive v0.4.0
[INFO] [stderr]    Compiling async-attributes v1.1.1
[INFO] [stderr]    Compiling async-trait v0.1.31
[INFO] [stderr]     Checking shaku v0.4.0
[INFO] [stderr]     Checking pin-project v0.4.17
[INFO] [stderr]     Checking futures-util v0.3.5
[INFO] [stderr]     Checking piper v0.1.2
[INFO] [stderr]     Checking smol v0.1.10
[INFO] [stderr]     Checking async-std v1.6.0
[INFO] [stderr]     Checking shaku-generic-components v0.1.0 (/opt/rustwide/workdir)
[INFO] [stdout] error[E0706]: functions in traits cannot be declared `async`
[INFO] [stdout]   --> src/main.rs:39:5
[INFO] [stdout]    |
[INFO] [stdout] 39 |       async fn foo(&self) -> u16 {
[INFO] [stdout]    |       ^----
[INFO] [stdout]    |       |
[INFO] [stdout]    |  _____`async` because of this
[INFO] [stdout]    | |
[INFO] [stdout] 40 | |         1337
[INFO] [stdout] 41 | |     }
[INFO] [stdout]    | |_____^
[INFO] [stdout]    |
[INFO] [stdout]    = note: `async` trait functions are not currently supported
[INFO] [stdout]    = note: consider using the `async-trait` crate: https://crates.io/crates/async-trait
[INFO] [stdout] 
[INFO] [stdout] 
[INFO] [stdout] error[E0412]: cannot find type `E` in this scope
[INFO] [stdout]    --> src/main.rs:33:15
[INFO] [stdout]     |
[INFO] [stdout] 33  |       executor: E,
[INFO] [stdout]     |                 ^
[INFO] [stdout]     |
[INFO] [stdout] help: a trait with a similar name exists
[INFO] [stdout]     |
[INFO] [stdout] 33  |     executor: Eq,
[INFO] [stdout]     |               ^^
[INFO] [stdout] help: you might be missing a type parameter
[INFO] [stdout]     |
[INFO] [stdout] 30  | pub struct MyServiceImpl<E><E>
[INFO] [stdout]     |                         ^^^
[INFO] [stdout] 
[INFO] [stdout] 
[INFO] [stdout] error[E0425]: cannot find value `pool` in this scope
[INFO] [stdout]   --> src/main.rs:56:23
[INFO] [stdout]    |
[INFO] [stdout] 56 |             executor: pool.clone(),
[INFO] [stdout]    |                       ^^^^ not found in this scope
[INFO] [stdout] 
[INFO] [stdout] 
[INFO] [stdout] warning: unused `#[macro_use]` import
[INFO] [stdout]  --> src/main.rs:1:1
[INFO] [stdout]   |
[INFO] [stdout] 1 | #[macro_use]
[INFO] [stdout]   | ^^^^^^^^^^^^
[INFO] [stdout]   |
[INFO] [stdout]   = note: `#[warn(unused_imports)]` on by default
[INFO] [stdout] 
[INFO] [stdout] 
[INFO] [stdout] warning: unused `#[macro_use]` import
[INFO] [stdout]  --> src/main.rs:7:1
[INFO] [stdout]   |
[INFO] [stdout] 7 | #[macro_use]
[INFO] [stdout]   | ^^^^^^^^^^^^
[INFO] [stdout] 
[INFO] [stdout] 
[INFO] [stdout] error[E0107]: wrong number of type arguments: expected 1, found 0
[INFO] [stdout]   --> src/main.rs:30:12
[INFO] [stdout]    |
[INFO] [stdout] 30 | pub struct MyServiceImpl<E>
[INFO] [stdout]    |            ^^^^^^^^^^^^^ expected 1 type argument
[INFO] [stdout] 
[INFO] [stdout] 
[INFO] [stdout] error[E0107]: wrong number of type arguments: expected 1, found 0
[INFO] [stdout]   --> src/main.rs:44:1
[INFO] [stdout]    |
[INFO] [stdout] 44 | / module! {
[INFO] [stdout] 45 | |     MyModule {
[INFO] [stdout] 46 | |         components = [MyServiceImpl],
[INFO] [stdout] 47 | |         providers = []
[INFO] [stdout] 48 | |     }
[INFO] [stdout] 49 | | }
[INFO] [stdout]    | |_^ expected 1 type argument
[INFO] [stdout]    |
[INFO] [stdout]    = note: this error originates in a macro (in Nightly builds, run with -Z macro-backtrace for more info)
[INFO] [stdout] 
[INFO] [stdout] 
[INFO] [stdout] error[E0107]: wrong number of type arguments: expected 1, found 0
[INFO] [stdout]   --> src/main.rs:44:1
[INFO] [stdout]    |
[INFO] [stdout] 44 | / module! {
[INFO] [stdout] 45 | |     MyModule {
[INFO] [stdout] 46 | |         components = [MyServiceImpl],
[INFO] [stdout] 47 | |         providers = []
[INFO] [stdout] 48 | |     }
[INFO] [stdout] 49 | | }
[INFO] [stdout]    | |_^ expected 1 type argument
[INFO] [stdout]    |
[INFO] [stdout]    = note: this error originates in a macro (in Nightly builds, run with -Z macro-backtrace for more info)
[INFO] [stdout] 
[INFO] [stdout] 
[INFO] [stdout] error[E0107]: wrong number of type arguments: expected 1, found 0
[INFO] [stdout]   --> src/main.rs:44:1
[INFO] [stdout]    |
[INFO] [stdout] 44 | / module! {
[INFO] [stdout] 45 | |     MyModule {
[INFO] [stdout] 46 | |         components = [MyServiceImpl],
[INFO] [stdout] 47 | |         providers = []
[INFO] [stdout] 48 | |     }
[INFO] [stdout] 49 | | }
[INFO] [stdout]    | |_^ expected 1 type argument
[INFO] [stdout]    |
[INFO] [stdout]    = note: this error originates in a macro (in Nightly builds, run with -Z macro-backtrace for more info)
[INFO] [stdout] 
[INFO] [stdout] 
[INFO] [stdout] error[E0107]: wrong number of type arguments: expected 1, found 0
[INFO] [stdout]   --> src/main.rs:44:1
[INFO] [stdout]    |
[INFO] [stdout] 44 | / module! {
[INFO] [stdout] 45 | |     MyModule {
[INFO] [stdout] 46 | |         components = [MyServiceImpl],
[INFO] [stdout] 47 | |         providers = []
[INFO] [stdout] 48 | |     }
[INFO] [stdout] 49 | | }
[INFO] [stdout]    | |_^ expected 1 type argument
[INFO] [stdout]    |
[INFO] [stdout]    = note: this error originates in a macro (in Nightly builds, run with -Z macro-backtrace for more info)
[INFO] [stdout] 
[INFO] [stdout] 
[INFO] [stdout] error[E0107]: wrong number of type arguments: expected 1, found 0
[INFO] [stdout]   --> src/main.rs:44:1
[INFO] [stdout]    |
[INFO] [stdout] 44 | / module! {
[INFO] [stdout] 45 | |     MyModule {
[INFO] [stdout] 46 | |         components = [MyServiceImpl],
[INFO] [stdout] 47 | |         providers = []
[INFO] [stdout] 48 | |     }
[INFO] [stdout] 49 | | }
[INFO] [stdout]    | |_^ expected 1 type argument
[INFO] [stdout]    |
[INFO] [stdout]    = note: this error originates in a macro (in Nightly builds, run with -Z macro-backtrace for more info)
[INFO] [stdout] 
[INFO] [stdout] 
[INFO] [stdout] error[E0107]: wrong number of type arguments: expected 1, found 0
[INFO] [stdout]   --> src/main.rs:44:1
[INFO] [stdout]    |
[INFO] [stdout] 44 | / module! {
[INFO] [stdout] 45 | |     MyModule {
[INFO] [stdout] 46 | |         components = [MyServiceImpl],
[INFO] [stdout] 47 | |         providers = []
[INFO] [stdout] 48 | |     }
[INFO] [stdout] 49 | | }
[INFO] [stdout]    | |_^ expected 1 type argument
[INFO] [stdout]    |
[INFO] [stdout]    = note: this error originates in a macro (in Nightly builds, run with -Z macro-backtrace for more info)
[INFO] [stdout] 
[INFO] [stdout] 
[INFO] [stdout] error: aborting due to 10 previous errors; 2 warnings emitted
[INFO] [stdout] 
[INFO] [stdout] 
[INFO] [stdout] Some errors have detailed explanations: E0107, E0412, E0425, E0706.
[INFO] [stdout] 
[INFO] [stdout] For more information about an error, try `rustc --explain E0107`.
[INFO] [stdout] 
[INFO] [stderr] error: could not compile `shaku-generic-components`.
[INFO] [stdout] error[E0706]: functions in traits cannot be declared `async`
[INFO] [stdout]   --> src/main.rs:39:5
[INFO] [stdout]    |
[INFO] [stdout] 39 |       async fn foo(&self) -> u16 {
[INFO] [stdout]    |       ^----
[INFO] [stdout]    |       |
[INFO] [stdout]    |  _____`async` because of this
[INFO] [stdout]    | |
[INFO] [stdout] 40 | |         1337
[INFO] [stdout] 41 | |     }
[INFO] [stdout]    | |_____^
[INFO] [stdout]    |
[INFO] [stdout]    = note: `async` trait functions are not currently supported
[INFO] [stdout]    = note: consider using the `async-trait` crate: https://crates.io/crates/async-trait
[INFO] [stdout] 
[INFO] [stdout] 
[INFO] [stderr] 
[INFO] [stderr] To learn more, run the command again with --verbose.
[INFO] [stderr] warning: build failed, waiting for other jobs to finish...
[INFO] [stdout] error[E0412]: cannot find type `E` in this scope
[INFO] [stdout]    --> src/main.rs:33:15
[INFO] [stdout]     |
[INFO] [stdout] 33  |       executor: E,
[INFO] [stdout]     |                 ^
[INFO] [stdout]     |
[INFO] [stdout] help: a trait with a similar name exists
[INFO] [stdout]     |
[INFO] [stdout] 33  |     executor: Eq,
[INFO] [stdout]     |               ^^
[INFO] [stdout] help: you might be missing a type parameter
[INFO] [stdout]     |
[INFO] [stdout] 30  | pub struct MyServiceImpl<E><E>
[INFO] [stdout]     |                         ^^^
[INFO] [stdout] 
[INFO] [stdout] 
[INFO] [stdout] error[E0425]: cannot find value `pool` in this scope
[INFO] [stdout]   --> src/main.rs:56:23
[INFO] [stdout]    |
[INFO] [stdout] 56 |             executor: pool.clone(),
[INFO] [stdout]    |                       ^^^^ not found in this scope
[INFO] [stdout] 
[INFO] [stdout] 
[INFO] [stdout] warning: unused `#[macro_use]` import
[INFO] [stdout]  --> src/main.rs:1:1
[INFO] [stdout]   |
[INFO] [stdout] 1 | #[macro_use]
[INFO] [stdout]   | ^^^^^^^^^^^^
[INFO] [stdout]   |
[INFO] [stdout]   = note: `#[warn(unused_imports)]` on by default
[INFO] [stdout] 
[INFO] [stdout] 
[INFO] [stdout] warning: unused `#[macro_use]` import
[INFO] [stdout]  --> src/main.rs:7:1
[INFO] [stdout]   |
[INFO] [stdout] 7 | #[macro_use]
[INFO] [stdout]   | ^^^^^^^^^^^^
[INFO] [stdout] 
[INFO] [stdout] 
[INFO] [stdout] error[E0107]: wrong number of type arguments: expected 1, found 0
[INFO] [stdout]   --> src/main.rs:30:12
[INFO] [stdout]    |
[INFO] [stdout] 30 | pub struct MyServiceImpl<E>
[INFO] [stdout]    |            ^^^^^^^^^^^^^ expected 1 type argument
[INFO] [stdout] 
[INFO] [stdout] 
[INFO] [stdout] error[E0107]: wrong number of type arguments: expected 1, found 0
[INFO] [stdout]   --> src/main.rs:44:1
[INFO] [stdout]    |
[INFO] [stdout] 44 | / module! {
[INFO] [stdout] 45 | |     MyModule {
[INFO] [stdout] 46 | |         components = [MyServiceImpl],
[INFO] [stdout] 47 | |         providers = []
[INFO] [stdout] 48 | |     }
[INFO] [stdout] 49 | | }
[INFO] [stdout]    | |_^ expected 1 type argument
[INFO] [stdout]    |
[INFO] [stdout]    = note: this error originates in a macro (in Nightly builds, run with -Z macro-backtrace for more info)
[INFO] [stdout] 
[INFO] [stdout] 
[INFO] [stdout] error[E0107]: wrong number of type arguments: expected 1, found 0
[INFO] [stdout]   --> src/main.rs:44:1
[INFO] [stdout]    |
[INFO] [stdout] 44 | / module! {
[INFO] [stdout] 45 | |     MyModule {
[INFO] [stdout] 46 | |         components = [MyServiceImpl],
[INFO] [stdout] 47 | |         providers = []
[INFO] [stdout] 48 | |     }
[INFO] [stdout] 49 | | }
[INFO] [stdout]    | |_^ expected 1 type argument
[INFO] [stdout]    |
[INFO] [stdout]    = note: this error originates in a macro (in Nightly builds, run with -Z macro-backtrace for more info)
[INFO] [stdout] 
[INFO] [stdout] 
[INFO] [stdout] error[E0107]: wrong number of type arguments: expected 1, found 0
[INFO] [stdout]   --> src/main.rs:44:1
[INFO] [stdout]    |
[INFO] [stdout] 44 | / module! {
[INFO] [stdout] 45 | |     MyModule {
[INFO] [stdout] 46 | |         components = [MyServiceImpl],
[INFO] [stdout] 47 | |         providers = []
[INFO] [stdout] 48 | |     }
[INFO] [stdout] 49 | | }
[INFO] [stdout]    | |_^ expected 1 type argument
[INFO] [stdout]    |
[INFO] [stdout]    = note: this error originates in a macro (in Nightly builds, run with -Z macro-backtrace for more info)
[INFO] [stdout] 
[INFO] [stdout] 
[INFO] [stdout] error[E0107]: wrong number of type arguments: expected 1, found 0
[INFO] [stdout]   --> src/main.rs:44:1
[INFO] [stdout]    |
[INFO] [stdout] 44 | / module! {
[INFO] [stdout] 45 | |     MyModule {
[INFO] [stdout] 46 | |         components = [MyServiceImpl],
[INFO] [stdout] 47 | |         providers = []
[INFO] [stdout] 48 | |     }
[INFO] [stdout] 49 | | }
[INFO] [stdout]    | |_^ expected 1 type argument
[INFO] [stdout]    |
[INFO] [stdout]    = note: this error originates in a macro (in Nightly builds, run with -Z macro-backtrace for more info)
[INFO] [stdout] 
[INFO] [stdout] 
[INFO] [stdout] error[E0107]: wrong number of type arguments: expected 1, found 0
[INFO] [stdout]   --> src/main.rs:44:1
[INFO] [stdout]    |
[INFO] [stdout] 44 | / module! {
[INFO] [stdout] 45 | |     MyModule {
[INFO] [stdout] 46 | |         components = [MyServiceImpl],
[INFO] [stdout] 47 | |         providers = []
[INFO] [stdout] 48 | |     }
[INFO] [stdout] 49 | | }
[INFO] [stdout]    | |_^ expected 1 type argument
[INFO] [stdout]    |
[INFO] [stdout]    = note: this error originates in a macro (in Nightly builds, run with -Z macro-backtrace for more info)
[INFO] [stdout] 
[INFO] [stdout] 
[INFO] [stdout] error[E0107]: wrong number of type arguments: expected 1, found 0
[INFO] [stdout]   --> src/main.rs:44:1
[INFO] [stdout]    |
[INFO] [stdout] 44 | / module! {
[INFO] [stdout] 45 | |     MyModule {
[INFO] [stdout] 46 | |         components = [MyServiceImpl],
[INFO] [stdout] 47 | |         providers = []
[INFO] [stdout] 48 | |     }
[INFO] [stdout] 49 | | }
[INFO] [stdout]    | |_^ expected 1 type argument
[INFO] [stdout]    |
[INFO] [stdout]    = note: this error originates in a macro (in Nightly builds, run with -Z macro-backtrace for more info)
[INFO] [stdout] 
[INFO] [stdout] 
[INFO] [stdout] error: aborting due to 10 previous errors; 2 warnings emitted
[INFO] [stdout] 
[INFO] [stdout] 
[INFO] [stdout] Some errors have detailed explanations: E0107, E0412, E0425, E0706.
[INFO] [stdout] 
[INFO] [stdout] For more information about an error, try `rustc --explain E0107`.
[INFO] [stdout] 
[INFO] [stderr] error: build failed
[INFO] running `Command { std: "docker" "inspect" "69e1cd267ac1b3652764929badceb3ef9e54075f983544c77c0813df588c633e", kill_on_drop: false }`
[INFO] running `Command { std: "docker" "rm" "-f" "69e1cd267ac1b3652764929badceb3ef9e54075f983544c77c0813df588c633e", kill_on_drop: false }`
[INFO] [stdout] 69e1cd267ac1b3652764929badceb3ef9e54075f983544c77c0813df588c633e
